{"id":1485,"date":"2024-06-21T09:43:41","date_gmt":"2024-06-21T09:43:41","guid":{"rendered":"https:\/\/xn--weinzierl-theaterpdagogik-2ec.de\/?page_id=1485"},"modified":"2026-02-13T17:59:50","modified_gmt":"2026-02-13T17:59:50","slug":"inszenierungen","status":"publish","type":"page","link":"https:\/\/weinzierl-theaterp\u00e4dagogik.de\/?page_id=1485","title":{"rendered":"inszenierungen"},"content":{"rendered":"\n<h5 class=\"wp-block-heading has-large-font-size\">Inszenierungen<\/h5>\n\n\n\n<div class=\"wp-block-cover is-light has-custom-content-position is-position-top-center\" style=\"border-top-left-radius:10px;border-top-right-radius:10px;border-bottom-left-radius:10px;border-bottom-right-radius:10px;padding-top:var(--wp--preset--spacing--30);padding-right:0;padding-bottom:var(--wp--preset--spacing--30);padding-left:0;min-height:214px;aspect-ratio:unset;\"><img loading=\"lazy\" decoding=\"async\" width=\"1024\" height=\"549\" class=\"wp-block-cover__image-background wp-image-2366 size-large\" alt=\"\" src=\"https:\/\/weinzierl-theaterp\u00e4dagogik.de\/wp-content\/uploads\/2026\/01\/blob-1-1-1024x549.png\" style=\"object-position:53% 71%\" data-object-fit=\"cover\" data-object-position=\"53% 71%\" srcset=\"https:\/\/weinzierl-theaterp\u00e4dagogik.de\/wp-content\/uploads\/2026\/01\/blob-1-1-1024x549.png 1024w, https:\/\/weinzierl-theaterp\u00e4dagogik.de\/wp-content\/uploads\/2026\/01\/blob-1-1-300x161.png 300w, https:\/\/weinzierl-theaterp\u00e4dagogik.de\/wp-content\/uploads\/2026\/01\/blob-1-1-768x412.png 768w, https:\/\/weinzierl-theaterp\u00e4dagogik.de\/wp-content\/uploads\/2026\/01\/blob-1-1.png 1389w\" sizes=\"auto, (max-width: 1024px) 100vw, 1024px\" \/><span aria-hidden=\"true\" class=\"wp-block-cover__background has-background-dim-60 has-background-dim\" style=\"background-color:#ebfaf7\"><\/span><div class=\"wp-block-cover__inner-container is-layout-flow wp-block-cover-is-layout-flow\">\n<h3 class=\"wp-block-heading has-text-align-left has-medium-font-size\" style=\"padding-right:var(--wp--preset--spacing--60);padding-left:var(--wp--preset--spacing--60)\">mit Kindern, Jugendlichen &amp; Erwachsenen<\/h3>\n\n\n\n<p class=\"has-text-align-left has-small-font-size\" style=\"margin-right:var(--wp--preset--spacing--60);margin-left:var(--wp--preset--spacing--60)\">Inszenierungsarbeit, also die Umsetzung eines bereits bestehenden Textes mit einer Gruppe oder das eigenst\u00e4ndige Erarbeiten eines St\u00fcckes kann ganz vielf\u00e4ltig angegangen werden. Ein besonderes Anliegen ist mir hier, der pers\u00f6nliche Bezug der Spieler:innen zum Thema und dem St\u00fcck. Hierbei stehen vor allem die Interessen, Potentiale und Motivationen der Teilnehmer:innen im Zentrum. Basierend darauf findet die St\u00fcckentwicklung statt.<\/p>\n<\/div><\/div>\n\n\n\n<h5 class=\"wp-block-heading\">Beispiele<\/h5>\n\n\n\n<div class=\"wp-block-columns is-layout-flex wp-container-core-columns-is-layout-28f84493 wp-block-columns-is-layout-flex\">\n<div class=\"wp-block-column is-layout-flow wp-block-column-is-layout-flow\">\n<figure class=\"wp-block-image size-full has-custom-border\"><img loading=\"lazy\" decoding=\"async\" width=\"1280\" height=\"853\" src=\"https:\/\/weinzierl-theaterp\u00e4dagogik.de\/wp-content\/uploads\/2025\/08\/Untitled-design-4.png\" alt=\"\" class=\"wp-image-2330\" style=\"border-radius:7px;aspect-ratio:1.7777777777777777;object-fit:cover\" srcset=\"https:\/\/weinzierl-theaterp\u00e4dagogik.de\/wp-content\/uploads\/2025\/08\/Untitled-design-4.png 1280w, https:\/\/weinzierl-theaterp\u00e4dagogik.de\/wp-content\/uploads\/2025\/08\/Untitled-design-4-300x200.png 300w, https:\/\/weinzierl-theaterp\u00e4dagogik.de\/wp-content\/uploads\/2025\/08\/Untitled-design-4-1024x682.png 1024w, https:\/\/weinzierl-theaterp\u00e4dagogik.de\/wp-content\/uploads\/2025\/08\/Untitled-design-4-768x512.png 768w\" sizes=\"auto, (max-width: 1280px) 100vw, 1280px\" \/><\/figure>\n<\/div>\n\n\n\n<div class=\"wp-block-column is-layout-flow wp-block-column-is-layout-flow\">\n<figure class=\"wp-block-image size-large has-custom-border\"><img loading=\"lazy\" decoding=\"async\" width=\"1024\" height=\"571\" src=\"https:\/\/weinzierl-theaterp\u00e4dagogik.de\/wp-content\/uploads\/2025\/08\/Unbenannt1-1024x571.png\" alt=\"\" class=\"wp-image-2326\" style=\"border-radius:7px;aspect-ratio:1.7931640625\" srcset=\"https:\/\/weinzierl-theaterp\u00e4dagogik.de\/wp-content\/uploads\/2025\/08\/Unbenannt1-1024x571.png 1024w, https:\/\/weinzierl-theaterp\u00e4dagogik.de\/wp-content\/uploads\/2025\/08\/Unbenannt1-300x167.png 300w, https:\/\/weinzierl-theaterp\u00e4dagogik.de\/wp-content\/uploads\/2025\/08\/Unbenannt1-768x428.png 768w, https:\/\/weinzierl-theaterp\u00e4dagogik.de\/wp-content\/uploads\/2025\/08\/Unbenannt1.png 1347w\" sizes=\"auto, (max-width: 1024px) 100vw, 1024px\" \/><\/figure>\n<\/div>\n\n\n\n<div class=\"wp-block-column is-layout-flow wp-block-column-is-layout-flow\">\n<figure class=\"wp-block-image size-full has-custom-border\"><img loading=\"lazy\" decoding=\"async\" width=\"741\" height=\"438\" src=\"https:\/\/weinzierl-theaterp\u00e4dagogik.de\/wp-content\/uploads\/2025\/08\/Untitled-design-3.png\" alt=\"\" class=\"wp-image-2328\" style=\"border-radius:7px;aspect-ratio:16\/9;object-fit:cover\" srcset=\"https:\/\/weinzierl-theaterp\u00e4dagogik.de\/wp-content\/uploads\/2025\/08\/Untitled-design-3.png 741w, https:\/\/weinzierl-theaterp\u00e4dagogik.de\/wp-content\/uploads\/2025\/08\/Untitled-design-3-300x177.png 300w\" sizes=\"auto, (max-width: 741px) 100vw, 741px\" \/><\/figure>\n<\/div>\n<\/div>\n\n\n\n<div class=\"wp-block-columns is-layout-flex wp-container-core-columns-is-layout-843ab874 wp-block-columns-is-layout-flex\" style=\"padding-top:var(--wp--preset--spacing--30);padding-right:0;padding-bottom:var(--wp--preset--spacing--30);padding-left:0\">\n<div class=\"wp-block-column is-layout-flow wp-block-column-is-layout-flow\" style=\"padding-right:var(--wp--preset--spacing--60);padding-left:var(--wp--preset--spacing--60)\"><div class=\"wp-block-post-date\"><time datetime=\"2024-06-21T09:43:41+00:00\">21\/06\/2024<\/time><\/div>\n\n\n<h5 class=\"wp-block-heading\" style=\"margin-top:0;margin-bottom:0\">Im Jahre 3000<\/h5>\n\n\n\n<p class=\"has-small-font-size\">Wie sieht die Welt in der Zukunft aus? Wie leben die Menschen in der Zukunft? Welche technischen Neuerungen gibt es im Jahre 3000 und mit welchen Problemen schl\u00e4gt sich die Menschheit noch herum. Mit diesen und weiteren Fragen haben sich die Kinder- des Theater.Labs des B\u00fcrgerhaus Oslebshausen (Bremen) besch\u00e4ftigt und daraus ein futuristisches Science-Fiction-St\u00fcck entwickelt. Die Auff\u00fchrung dieses 45-min\u00fctigen Theaterst\u00fcckes fand im Mai 2025 statt.<\/p>\n\n\n\n<p class=\"has-small-font-size\"><\/p>\n<\/div>\n\n\n\n<div class=\"wp-block-column is-layout-flow wp-block-column-is-layout-flow\" style=\"padding-right:var(--wp--preset--spacing--60);padding-left:var(--wp--preset--spacing--60)\"><div class=\"wp-block-post-date\"><time datetime=\"2024-06-21T09:43:41+00:00\">21\/06\/2024<\/time><\/div>\n\n\n<h5 class=\"wp-block-heading\" style=\"margin-top:0;margin-bottom:0\">Der kleine Prinz<\/h5>\n\n\n\n<p class=\"has-small-font-size\">Im M\u00e4rz 2023 fand die j\u00e4hrliche Theater-Inszenierung der Christy-Brown Schule (CBS) in Herten statt. Die CSB ist eine F\u00f6rderschule mit dem Schwerpunkt k\u00f6rperlich-motorische Entwicklung (KME). Dort inszenierte ich gemeinsam mit meiner Kollegin Lisa Herz &#8222;Der kleine Prinz&#8220; mit den siebten Klassen. Vier Wochen hatten die Klassen Zeit das St\u00fcck, inklusive B\u00fchnenbild, Kost\u00fcme und Choreografien gemeinsam mit den Lehrer:innen und Assistenzkr\u00e4ften vorzubereiten. Diese Inszenierung findet mittlerweile schon \u00fcber 15 Jahre lang statt und fest im Lehrplan und Schulalltag integriert.<\/p>\n<\/div>\n\n\n\n<div class=\"wp-block-column is-layout-flow wp-block-column-is-layout-flow\" style=\"padding-right:var(--wp--preset--spacing--60);padding-left:var(--wp--preset--spacing--60)\"><div class=\"wp-block-post-date\"><time datetime=\"2024-06-21T09:43:41+00:00\">21\/06\/2024<\/time><\/div>\n\n\n<h5 class=\"wp-block-heading\" style=\"margin-top:0;margin-bottom:0\">TheaterZONE<\/h5>\n\n\n\n<p class=\"has-small-font-size\">F\u00fcnf Frauen aus der JVA-Au\u00dfenstelle standen daf\u00fcr auf der B\u00fchne. Keine der Inhaftierten hatte zuvor Theater gespielt \u2013 und doch erz\u00e4hlten sie mit eindrucksvoller Pr\u00e4senz ihre eigenen Geschichten.\u00a0Die Grundlage bildete das Thema \u201eKonstellationen\u201c \u2013 jene Lebensverbindungen, in die wir hineingeboren werden oder die wir selbst w\u00e4hlen. Die Szenen entstanden aus biografischen Erlebnissen der Frauen: konfliktreiche Beziehungen, Depressionen, der Moment des Strafantritts \u2013 aber auch Bew\u00e4ltigungsstrategien, Einsamkeit und die Suche nach Verbindung. Ein roter Stoff symbolisierte dabei den Lebensfaden, der alle Erz\u00e4hlungen miteinander verkn\u00fcpfte.<\/p>\n\n\n\n<p class=\"has-small-font-size\"><\/p>\n<\/div>\n<\/div>\n\n\n\n<h5 class=\"wp-block-heading\">Aktuelles<\/h5>\n\n\n\n<div class=\"wp-block-group has-global-padding is-layout-constrained wp-block-group-is-layout-constrained\">\n<div class=\"wp-block-query alignfull is-layout-flow wp-block-query-is-layout-flow\">\n<div class=\"wp-block-group is-nowrap is-layout-flex wp-container-core-group-is-layout-24eada54 wp-block-group-is-layout-flex\" style=\"padding-top:var(--wp--preset--spacing--30);padding-right:0;padding-bottom:var(--wp--preset--spacing--30);padding-left:0\"><ul style=\"border-color:#ebfaf7;border-top-left-radius:0px;border-top-right-radius:0px;border-bottom-left-radius:0px;border-bottom-right-radius:0px;border-width:2rem;\" class=\"columns-3 alignfull wp-block-post-template has-border-color is-layout-grid wp-container-core-post-template-is-layout-2d080239 wp-block-post-template-is-layout-grid\"><li class=\"wp-block-post post-1742 post type-post status-publish format-standard has-post-thumbnail hentry category-inszenierungen category-inszenierungen-mit-kindern-und-jugendlichen category-sprachen-lernen\">\n<figure style=\"padding-top:0;padding-bottom:0;margin-right:0;margin-left:0;margin-top:0;margin-bottom:0;\" class=\"modul-rapunzel wp-block-post-featured-image\"><img loading=\"lazy\" decoding=\"async\" width=\"300\" height=\"300\" src=\"https:\/\/weinzierl-theaterp\u00e4dagogik.de\/wp-content\/uploads\/2024\/10\/A059065-edited-300x300.jpg\" class=\"attachment-medium size-medium wp-post-image\" alt=\"\" style=\"border-radius:7px;object-fit:cover;\" srcset=\"https:\/\/weinzierl-theaterp\u00e4dagogik.de\/wp-content\/uploads\/2024\/10\/A059065-edited-300x300.jpg 300w, https:\/\/weinzierl-theaterp\u00e4dagogik.de\/wp-content\/uploads\/2024\/10\/A059065-edited-1024x1024.jpg 1024w, https:\/\/weinzierl-theaterp\u00e4dagogik.de\/wp-content\/uploads\/2024\/10\/A059065-edited-150x150.jpg 150w, https:\/\/weinzierl-theaterp\u00e4dagogik.de\/wp-content\/uploads\/2024\/10\/A059065-edited-768x768.jpg 768w, https:\/\/weinzierl-theaterp\u00e4dagogik.de\/wp-content\/uploads\/2024\/10\/A059065-edited-1536x1536.jpg 1536w, https:\/\/weinzierl-theaterp\u00e4dagogik.de\/wp-content\/uploads\/2024\/10\/A059065-edited-2048x2048.jpg 2048w\" sizes=\"auto, (max-width: 300px) 100vw, 300px\" \/><\/figure>\n\n<div class=\"wp-block-post-date\"><time datetime=\"2024-09-01T11:39:00+00:00\">01\/09\/2024<\/time><\/div>\n\n<h5 style=\"margin-top:0;margin-bottom:0;\" class=\"wp-block-post-title has-small-font-size\">Tanz.Lab<\/h5>\n\n<div class=\"taxonomy-category wp-block-post-terms has-x-small-font-size\"><a href=\"https:\/\/weinzierl-theaterp\u00e4dagogik.de\/?cat=53\" rel=\"tag\">Inszenierungen<\/a><span class=\"wp-block-post-terms__separator\">, <\/span><a href=\"https:\/\/weinzierl-theaterp\u00e4dagogik.de\/?cat=50\" rel=\"tag\">Kinder und Jugendliche<\/a><span class=\"wp-block-post-terms__separator\">, <\/span><a href=\"https:\/\/weinzierl-theaterp\u00e4dagogik.de\/?cat=1\" rel=\"tag\">Sprachen lernen<\/a><\/div>\n\n\n<details class=\"wp-block-details has-small-font-size is-layout-flow wp-block-details-is-layout-flow\"><summary><strong>weiterlesen <\/strong><\/summary><div class=\"entry-content wp-block-post-content is-layout-flow wp-block-post-content-is-layout-flow\">\n<p>Jede:r kann tanzen!<\/p>\n\n\n\n<p>Im Herbst 2024 gr\u00fcndete sich im B\u00fcrgerhaus Oslebshausen eine Tanzgruppe f\u00fcr Kinder im Alter von 8 bis 12 Jahren. Gemeinsam mit meiner Kollegin Nailca Bogdanski entwickelten wir Tanzperformances, in denen die Ideen und Ausdrucksformen der Kinder im Mittelpunkt stehen. Die Auff\u00fchrungen verbinden zeitgen\u00f6ssischen Tanz, Hip-Hop-Elemente, Improvisation, TikTok-T\u00e4nze sowie T\u00e4nze aus den Familien der Teilnehmenden und spiegeln so die Vielfalt ihrer kulturellen Hintergr\u00fcnde wider. Frei nach dem Motto <em>\u201eJede:r kann tanzen\u201c<\/em> steht die F\u00f6rderung von Bewegungsfreude, Ausdruck und gemeinschaftlichem Erleben im Fokus. Das Tanzen findet w\u00f6chentlich statt und wird unter anderem durch F\u00f6rderprogramme wie &#8222;Kultur macht stark&#8220; unterst\u00fctzt.<\/p>\n<\/div><\/details>\n\n<\/li><\/ul><\/div>\n\n\n\n\n<\/div>\n<\/div>\n\n\n\n<figure class=\"wp-block-image size-large is-resized\"><img loading=\"lazy\" decoding=\"async\" width=\"1024\" height=\"62\" src=\"https:\/\/weinzierl-theaterp\u00e4dagogik.de\/wp-content\/uploads\/2026\/01\/Lange-Linie-1-1024x62.png\" alt=\"\" class=\"wp-image-2363\" style=\"aspect-ratio:16.518805738658394;width:417px;height:auto\" srcset=\"https:\/\/weinzierl-theaterp\u00e4dagogik.de\/wp-content\/uploads\/2026\/01\/Lange-Linie-1-1024x62.png 1024w, https:\/\/weinzierl-theaterp\u00e4dagogik.de\/wp-content\/uploads\/2026\/01\/Lange-Linie-1-300x18.png 300w, https:\/\/weinzierl-theaterp\u00e4dagogik.de\/wp-content\/uploads\/2026\/01\/Lange-Linie-1-768x46.png 768w, https:\/\/weinzierl-theaterp\u00e4dagogik.de\/wp-content\/uploads\/2026\/01\/Lange-Linie-1.png 1389w\" sizes=\"auto, (max-width: 1024px) 100vw, 1024px\" \/><\/figure>\n\n\n\n<p class=\"has-small-font-size\" style=\"margin-right:var(--wp--preset--spacing--60);margin-left:var(--wp--preset--spacing--60)\">Konkrete Infos finden sich <a href=\"https:\/\/weinzierl-theaterp\u00e4dagogik.de\/?page_id=1536\" data-type=\"page\" data-id=\"1536\">hier<\/a> und unter Angebote.<\/p>\n","protected":false},"excerpt":{"rendered":"<p>Inszenierungen Beispiele Im Jahre 3000 Wie sieht die Welt in der Zukunft aus? Wie leben die Menschen in der Zukunft? Welche technischen Neuerungen gibt es im Jahre 3000 und mit welchen Problemen schl\u00e4gt sich die Menschheit noch herum. Mit diesen und weiteren Fragen haben sich die Kinder- des Theater.Labs des B\u00fcrgerhaus Oslebshausen (Bremen) besch\u00e4ftigt und [&hellip;]<\/p>\n","protected":false},"author":1,"featured_media":1745,"parent":0,"menu_order":0,"comment_status":"closed","ping_status":"closed","template":"","meta":{"footnotes":""},"class_list":["post-1485","page","type-page","status-publish","has-post-thumbnail","hentry"],"_links":{"self":[{"href":"https:\/\/weinzierl-theaterp\u00e4dagogik.de\/index.php?rest_route=\/wp\/v2\/pages\/1485","targetHints":{"allow":["GET"]}}],"collection":[{"href":"https:\/\/weinzierl-theaterp\u00e4dagogik.de\/index.php?rest_route=\/wp\/v2\/pages"}],"about":[{"href":"https:\/\/weinzierl-theaterp\u00e4dagogik.de\/index.php?rest_route=\/wp\/v2\/types\/page"}],"author":[{"embeddable":true,"href":"https:\/\/weinzierl-theaterp\u00e4dagogik.de\/index.php?rest_route=\/wp\/v2\/users\/1"}],"replies":[{"embeddable":true,"href":"https:\/\/weinzierl-theaterp\u00e4dagogik.de\/index.php?rest_route=%2Fwp%2Fv2%2Fcomments&post=1485"}],"version-history":[{"count":77,"href":"https:\/\/weinzierl-theaterp\u00e4dagogik.de\/index.php?rest_route=\/wp\/v2\/pages\/1485\/revisions"}],"predecessor-version":[{"id":2762,"href":"https:\/\/weinzierl-theaterp\u00e4dagogik.de\/index.php?rest_route=\/wp\/v2\/pages\/1485\/revisions\/2762"}],"wp:featuredmedia":[{"embeddable":true,"href":"https:\/\/weinzierl-theaterp\u00e4dagogik.de\/index.php?rest_route=\/wp\/v2\/media\/1745"}],"wp:attachment":[{"href":"https:\/\/weinzierl-theaterp\u00e4dagogik.de\/index.php?rest_route=%2Fwp%2Fv2%2Fmedia&parent=1485"}],"curies":[{"name":"wp","href":"https:\/\/api.w.org\/{rel}","templated":true}]}}