{"id":1566,"date":"2024-11-18T14:46:49","date_gmt":"2024-11-18T14:46:49","guid":{"rendered":"https:\/\/xn--weinzierl-theaterpdagogik-2ec.de\/?page_id=1566"},"modified":"2026-02-13T18:01:21","modified_gmt":"2026-02-13T18:01:21","slug":"internationale-arbeit","status":"publish","type":"page","link":"https:\/\/weinzierl-theaterp\u00e4dagogik.de\/?page_id=1566","title":{"rendered":"International"},"content":{"rendered":"\n<h5 class=\"wp-block-heading has-large-font-size\">Internationale Projekte<\/h5>\n\n\n\n<div class=\"wp-block-cover is-light has-custom-content-position is-position-top-center\" style=\"border-radius:7px;padding-top:var(--wp--preset--spacing--30);padding-right:var(--wp--preset--spacing--60);padding-bottom:var(--wp--preset--spacing--30);padding-left:var(--wp--preset--spacing--60);min-height:275px;aspect-ratio:unset;\"><img loading=\"lazy\" decoding=\"async\" width=\"1389\" height=\"745\" class=\"wp-block-cover__image-background wp-image-2365 size-full\" alt=\"\" src=\"https:\/\/weinzierl-theaterp\u00e4dagogik.de\/wp-content\/uploads\/2026\/01\/blob-1.png\" style=\"object-position:44% 78%\" data-object-fit=\"cover\" data-object-position=\"44% 78%\" srcset=\"https:\/\/weinzierl-theaterp\u00e4dagogik.de\/wp-content\/uploads\/2026\/01\/blob-1.png 1389w, https:\/\/weinzierl-theaterp\u00e4dagogik.de\/wp-content\/uploads\/2026\/01\/blob-1-300x161.png 300w, https:\/\/weinzierl-theaterp\u00e4dagogik.de\/wp-content\/uploads\/2026\/01\/blob-1-1024x549.png 1024w, https:\/\/weinzierl-theaterp\u00e4dagogik.de\/wp-content\/uploads\/2026\/01\/blob-1-768x412.png 768w\" sizes=\"auto, (max-width: 1389px) 100vw, 1389px\" \/><span aria-hidden=\"true\" class=\"wp-block-cover__background has-background-dim\" style=\"background-color:#ebfaf7\"><\/span><div class=\"wp-block-cover__inner-container is-layout-flow wp-block-cover-is-layout-flow\">\n<p class=\"has-small-font-size\">Interkultureller Austausch er\u00f6ffnet neue Perspektiven, regt zum Umdenken an und ermutigt, sich selbst in einem anderen Kontext zu erleben. Er f\u00f6rdert Verst\u00e4ndnis f\u00fcr lokale und globale Herausforderungen, st\u00e4rkt Solidarit\u00e4t \u00fcber Grenzen hinweg und schafft die M\u00f6glichkeit, voneinander zu lernen. Gerade in politisch angespannten Zeiten sind solche Begegnungen besonders wichtig, um Empathie, Dialog und gemeinsames Handeln zu f\u00f6rdern.<\/p>\n\n\n\n<p class=\"has-small-font-size\">In meiner Arbeit als Theaterp\u00e4dagogin habe ich in vielf\u00e4ltigen Formaten gearbeitet \u2013 von Jugendaustauschen \u00fcber Trainingskurse bis hin zur Projektleitung (einschlie\u00dflich der Beantragung von F\u00f6rdermitteln). Die Finanzierung der meisten dieser Projekte erfolgt \u00fcber Erasmus+ oder verschiedene Stiftungen.<\/p>\n<\/div><\/div>\n\n\n\n<h5 class=\"wp-block-heading\">Beispiele<\/h5>\n\n\n\n<div class=\"wp-block-columns is-layout-flex wp-container-core-columns-is-layout-28f84493 wp-block-columns-is-layout-flex\">\n<div class=\"wp-block-column is-layout-flow wp-block-column-is-layout-flow\">\n<div class=\"wp-block-cover has-custom-content-position is-position-bottom-center\" style=\"border-radius:7px;min-height:80px;aspect-ratio:unset;\"><img loading=\"lazy\" decoding=\"async\" width=\"1024\" height=\"768\" class=\"wp-block-cover__image-background wp-image-2019 size-full\" alt=\"\" src=\"https:\/\/weinzierl-theaterp\u00e4dagogik.de\/wp-content\/uploads\/2025\/08\/A046978_klein.jpg\" style=\"object-position:29% 47%\" data-object-fit=\"cover\" data-object-position=\"29% 47%\" srcset=\"https:\/\/weinzierl-theaterp\u00e4dagogik.de\/wp-content\/uploads\/2025\/08\/A046978_klein.jpg 1024w, https:\/\/weinzierl-theaterp\u00e4dagogik.de\/wp-content\/uploads\/2025\/08\/A046978_klein-300x225.jpg 300w, https:\/\/weinzierl-theaterp\u00e4dagogik.de\/wp-content\/uploads\/2025\/08\/A046978_klein-768x576.jpg 768w\" sizes=\"auto, (max-width: 1024px) 100vw, 1024px\" \/><span aria-hidden=\"true\" class=\"wp-block-cover__background has-background-dim\" style=\"background-color:#325988\"><\/span><div class=\"wp-block-cover__inner-container is-layout-flow wp-block-cover-is-layout-flow\">\n<h3 class=\"wp-block-heading\" style=\"font-size:rem\">Training Course<\/h3>\n<\/div><\/div>\n<\/div>\n\n\n\n<div class=\"wp-block-column is-layout-flow wp-block-column-is-layout-flow\">\n<div class=\"wp-block-cover has-custom-content-position is-position-bottom-center\" style=\"border-radius:7px;min-height:80px;aspect-ratio:unset;\"><img loading=\"lazy\" decoding=\"async\" width=\"1024\" height=\"576\" class=\"wp-block-cover__image-background wp-image-2020\" alt=\"\" src=\"https:\/\/weinzierl-theaterp\u00e4dagogik.de\/wp-content\/uploads\/2025\/08\/A057914_klein-edited.jpg\" style=\"object-position:47% 22%\" data-object-fit=\"cover\" data-object-position=\"47% 22%\" srcset=\"https:\/\/weinzierl-theaterp\u00e4dagogik.de\/wp-content\/uploads\/2025\/08\/A057914_klein-edited.jpg 1024w, https:\/\/weinzierl-theaterp\u00e4dagogik.de\/wp-content\/uploads\/2025\/08\/A057914_klein-edited-300x169.jpg 300w, https:\/\/weinzierl-theaterp\u00e4dagogik.de\/wp-content\/uploads\/2025\/08\/A057914_klein-edited-768x432.jpg 768w\" sizes=\"auto, (max-width: 1024px) 100vw, 1024px\" \/><span aria-hidden=\"true\" class=\"wp-block-cover__background has-background-dim\" style=\"background-color:#325988\"><\/span><div class=\"wp-block-cover__inner-container is-layout-flow wp-block-cover-is-layout-flow\">\n<h3 class=\"wp-block-heading\">Youth Exchange<\/h3>\n<\/div><\/div>\n<\/div>\n\n\n\n<div class=\"wp-block-column is-layout-flow wp-block-column-is-layout-flow\">\n<div class=\"wp-block-cover has-custom-content-position is-position-bottom-center\" style=\"border-radius:7px;min-height:77px;aspect-ratio:unset;\"><img loading=\"lazy\" decoding=\"async\" width=\"1024\" height=\"768\" class=\"wp-block-cover__image-background wp-image-2021 size-full\" alt=\"\" src=\"https:\/\/weinzierl-theaterp\u00e4dagogik.de\/wp-content\/uploads\/2025\/08\/6040568_klein.jpg\" style=\"object-position:58% 45%\" data-object-fit=\"cover\" data-object-position=\"58% 45%\" srcset=\"https:\/\/weinzierl-theaterp\u00e4dagogik.de\/wp-content\/uploads\/2025\/08\/6040568_klein.jpg 1024w, https:\/\/weinzierl-theaterp\u00e4dagogik.de\/wp-content\/uploads\/2025\/08\/6040568_klein-300x225.jpg 300w, https:\/\/weinzierl-theaterp\u00e4dagogik.de\/wp-content\/uploads\/2025\/08\/6040568_klein-768x576.jpg 768w\" sizes=\"auto, (max-width: 1024px) 100vw, 1024px\" \/><span aria-hidden=\"true\" class=\"wp-block-cover__background has-background-dim\" style=\"background-color:#325988\"><\/span><div class=\"wp-block-cover__inner-container is-layout-flow wp-block-cover-is-layout-flow\">\n<h3 class=\"wp-block-heading\">K\u00fcnstlerische Leitung<\/h3>\n<\/div><\/div>\n<\/div>\n<\/div>\n\n\n\n<div class=\"wp-block-columns is-layout-flex wp-container-core-columns-is-layout-3d5e716b wp-block-columns-is-layout-flex\" style=\"margin-top:var(--wp--preset--spacing--30);margin-bottom:var(--wp--preset--spacing--30);padding-top:0;padding-right:0;padding-bottom:0;padding-left:0\">\n<div class=\"wp-block-column is-layout-flow wp-block-column-is-layout-flow\" style=\"padding-right:var(--wp--preset--spacing--60);padding-left:var(--wp--preset--spacing--60)\">\n<p class=\"has-small-font-size\">Trainingskurse richten sich an Fachkr\u00e4fte aus Bildung, Jugend- und Sozialarbeit, die ihre Methodenkompetenzen erweitern m\u00f6chten. Sie bieten die M\u00f6glichkeit, neue Perspektiven zu entdecken, kreative Ans\u00e4tze zu entwickeln und sich im interkulturellen Austausch mit internationalen Partner*innen inspirieren zu lassen. Ziel ist es, europ\u00e4ische Zusammenarbeit zu st\u00e4rken, gegenseitiges Verst\u00e4ndnis zu f\u00f6rdern und innovative Impulse f\u00fcr die eigene Arbeit mitzunehmen.<\/p>\n<\/div>\n\n\n\n<div class=\"wp-block-column is-layout-flow wp-block-column-is-layout-flow\" style=\"padding-right:var(--wp--preset--spacing--60);padding-left:var(--wp--preset--spacing--60)\">\n<p class=\"has-small-font-size\">Jugendaustausche bieten jungen Menschen die M\u00f6glichkeit, neue Kulturen kennenzulernen, eigene Perspektiven zu erweitern und wertvolle pers\u00f6nliche Erfahrungen zu sammeln. Sie f\u00f6rdern interkulturellen Austausch, gemeinsames Lernen und Solidarit\u00e4t \u00fcber Grenzen hinweg. Ziel ist es, Toleranz, Verst\u00e4ndnis und soziale Kompetenzen zu st\u00e4rken sowie Impulse f\u00fcr das eigene Engagement und die pers\u00f6nliche Entwicklung zu geben.<\/p>\n<\/div>\n\n\n\n<div class=\"wp-block-column is-layout-flow wp-block-column-is-layout-flow\" style=\"padding-right:var(--wp--preset--spacing--60);padding-left:var(--wp--preset--spacing--60)\">\n<p class=\"has-small-font-size\"><em>K\u00fcnstlerische Projektleitung<\/em> bedeutet f\u00fcr mich die Verantwortung f\u00fcr die inhaltliche, \u00e4sthetische und strategische Ausrichtung eines Projekts. Ich verstehe diese Rolle als ein ausgewogenes Zusammenspiel von klarer Struktur und kollaborativem Arbeiten auf Augenh\u00f6he, getragen vom Vertrauen in die Expertise aller Beteiligten. <br>Mehr dazu findest du <a href=\"https:\/\/weinzierl-theaterp\u00e4dagogik.de\/?page_id=1950\" data-type=\"page\" data-id=\"1950\" target=\"_blank\" rel=\"noreferrer noopener\">hier<\/a>.<\/p>\n<\/div>\n<\/div>\n\n\n\n<div style=\"height:1.7em\" aria-hidden=\"true\" class=\"wp-block-spacer\"><\/div>\n\n\n\n<h5 class=\"wp-block-heading\">Aktuelles<\/h5>\n\n\n\n<div class=\"wp-block-query alignfull is-layout-flow wp-block-query-is-layout-flow\">\n<div class=\"wp-block-group is-nowrap is-layout-flex wp-container-core-group-is-layout-24eada54 wp-block-group-is-layout-flex\" style=\"padding-top:var(--wp--preset--spacing--30);padding-right:0;padding-bottom:var(--wp--preset--spacing--30);padding-left:0\"><\/div>\n\n\n\n\n<div class=\"wp-block-query-no-results\">\n\n<p><\/p>\n\n<\/div><\/div>\n\n\n\n<figure class=\"wp-block-image size-large is-resized\"><img loading=\"lazy\" decoding=\"async\" width=\"1024\" height=\"62\" src=\"https:\/\/weinzierl-theaterp\u00e4dagogik.de\/wp-content\/uploads\/2026\/01\/Lange-Linie-2-1024x62.png\" alt=\"\" class=\"wp-image-2361\" style=\"aspect-ratio:16.518805738658394;width:370px;height:auto\" srcset=\"https:\/\/weinzierl-theaterp\u00e4dagogik.de\/wp-content\/uploads\/2026\/01\/Lange-Linie-2-1024x62.png 1024w, https:\/\/weinzierl-theaterp\u00e4dagogik.de\/wp-content\/uploads\/2026\/01\/Lange-Linie-2-300x18.png 300w, https:\/\/weinzierl-theaterp\u00e4dagogik.de\/wp-content\/uploads\/2026\/01\/Lange-Linie-2-768x46.png 768w, https:\/\/weinzierl-theaterp\u00e4dagogik.de\/wp-content\/uploads\/2026\/01\/Lange-Linie-2.png 1389w\" sizes=\"auto, (max-width: 1024px) 100vw, 1024px\" \/><\/figure>\n\n\n\n<p class=\"has-small-font-size\">Konkrete Infos finden sich <a href=\"https:\/\/weinzierl-theaterp\u00e4dagogik.de\/?page_id=1536\" data-type=\"page\" data-id=\"1536\">hier<\/a> und unter Angebote.<\/p>\n","protected":false},"excerpt":{"rendered":"<p>Internationale Projekte Beispiele Trainingskurse richten sich an Fachkr\u00e4fte aus Bildung, Jugend- und Sozialarbeit, die ihre Methodenkompetenzen erweitern m\u00f6chten. Sie bieten die M\u00f6glichkeit, neue Perspektiven zu entdecken, kreative Ans\u00e4tze zu entwickeln und sich im interkulturellen Austausch mit internationalen Partner*innen inspirieren zu lassen. Ziel ist es, europ\u00e4ische Zusammenarbeit zu st\u00e4rken, gegenseitiges Verst\u00e4ndnis zu f\u00f6rdern und innovative Impulse [&hellip;]<\/p>\n","protected":false},"author":1,"featured_media":0,"parent":0,"menu_order":0,"comment_status":"closed","ping_status":"closed","template":"","meta":{"footnotes":""},"class_list":["post-1566","page","type-page","status-publish","hentry"],"_links":{"self":[{"href":"https:\/\/weinzierl-theaterp\u00e4dagogik.de\/index.php?rest_route=\/wp\/v2\/pages\/1566","targetHints":{"allow":["GET"]}}],"collection":[{"href":"https:\/\/weinzierl-theaterp\u00e4dagogik.de\/index.php?rest_route=\/wp\/v2\/pages"}],"about":[{"href":"https:\/\/weinzierl-theaterp\u00e4dagogik.de\/index.php?rest_route=\/wp\/v2\/types\/page"}],"author":[{"embeddable":true,"href":"https:\/\/weinzierl-theaterp\u00e4dagogik.de\/index.php?rest_route=\/wp\/v2\/users\/1"}],"replies":[{"embeddable":true,"href":"https:\/\/weinzierl-theaterp\u00e4dagogik.de\/index.php?rest_route=%2Fwp%2Fv2%2Fcomments&post=1566"}],"version-history":[{"count":32,"href":"https:\/\/weinzierl-theaterp\u00e4dagogik.de\/index.php?rest_route=\/wp\/v2\/pages\/1566\/revisions"}],"predecessor-version":[{"id":2763,"href":"https:\/\/weinzierl-theaterp\u00e4dagogik.de\/index.php?rest_route=\/wp\/v2\/pages\/1566\/revisions\/2763"}],"wp:attachment":[{"href":"https:\/\/weinzierl-theaterp\u00e4dagogik.de\/index.php?rest_route=%2Fwp%2Fv2%2Fmedia&parent=1566"}],"curies":[{"name":"wp","href":"https:\/\/api.w.org\/{rel}","templated":true}]}}