{"id":1738,"date":"2024-11-21T09:42:19","date_gmt":"2024-11-21T09:42:19","guid":{"rendered":"https:\/\/xn--weinzierl-theaterpdagogik-2ec.de\/?page_id=1738"},"modified":"2026-01-26T15:48:23","modified_gmt":"2026-01-26T15:48:23","slug":"impressum","status":"publish","type":"page","link":"https:\/\/weinzierl-theaterp\u00e4dagogik.de\/?page_id=1738","title":{"rendered":"Impressum &#038; Datenschutz"},"content":{"rendered":"\n<div class=\"wp-block-columns is-not-stacked-on-mobile is-layout-flex wp-container-core-columns-is-layout-f130efbf wp-block-columns-is-layout-flex\" style=\"padding-top:var(--wp--preset--spacing--30);padding-right:var(--wp--preset--spacing--30);padding-bottom:var(--wp--preset--spacing--30);padding-left:var(--wp--preset--spacing--30)\">\n<div class=\"wp-block-column has-small-font-size is-layout-flow wp-block-column-is-layout-flow\">\n<h3 class=\"wp-block-heading\">Datenschutz<\/h3>\n\n\n\n<h4 class=\"wp-block-heading\">Grundlegendes<\/h4>\n\n\n\n<p>Diese Datenschutzerkl\u00e4rung informiert Sie \u00fcber die Art, den Umfang und den Zweck der Verarbeitung personenbezogener Daten auf dieser Website.<\/p>\n\n\n\n<details class=\"wp-block-details is-layout-flow wp-block-details-is-layout-flow\"><summary>mehr<\/summary>\n<p>Der Websitebetreiber nimmt den Schutz Ihrer Daten sehr ernst und behandelt Ihre personenbezogenen Daten vertraulich und entsprechend der gesetzlichen Datenschutzvorschriften.<\/p>\n\n\n\n<p>Da durch neue Technologien und die Weiterentwicklung dieser Website \u00c4nderungen an dieser Datenschutzerkl\u00e4rung vorgenommen werden k\u00f6nnen, empfehlen wir Ihnen, sich diese regelm\u00e4\u00dfig durchzulesen.<\/p>\n\n\n\n<p>Begriffsbestimmungen wie &#8222;personenbezogene Daten&#8220; oder &#8222;Verarbeitung&#8220; finden Sie in Art. 4 der Datenschutz-Grundverordnung (DSGVO).<\/p>\n<\/details>\n\n\n\n<h4 class=\"wp-block-heading\">Zugriffsdaten<\/h4>\n\n\n\n<details class=\"wp-block-details is-layout-flow wp-block-details-is-layout-flow\"><summary>mehr<\/summary>\n<p>Der Hosting-Provider dieser Website erhebt und speichert automatisch Informationen in sogenannten Server-Logfiles, die Ihr Browser automatisch \u00fcbermittelt. Dies sind in der Regel:<\/p>\n\n\n\n<ul class=\"wp-block-list\">\n<li>Besuchte Website<\/li>\n\n\n\n<li>Datum und Uhrzeit zum Zeitpunkt des Zugriffes<\/li>\n\n\n\n<li>Menge der gesendeten Daten in Byte<\/li>\n\n\n\n<li>Quelle\/Verweis, von welchem Sie auf die Seite gelangten<\/li>\n\n\n\n<li>Verwendeter Browser<\/li>\n\n\n\n<li>Verwendetes Betriebssystem<\/li>\n\n\n\n<li>Verwendete IP-Adresse<\/li>\n<\/ul>\n\n\n\n<p>Die Erhebung dieser Daten erfolgt auf Grundlage von Art. 6 Abs. 1 lit. f DSGVO. Der Websitebetreiber hat ein berechtigtes Interesse an einer technisch fehlerfreien Darstellung und der Optimierung der Website \u2013 hierzu m\u00fcssen die Server-Logfiles erfasst werden.<\/p>\n\n\n\n<p>Die Daten werden nach maximal 7 Tagen gel\u00f6scht, sofern keine Aufbewahrung aus Sicherheitsgr\u00fcnden (z.\u202fB. zur Aufkl\u00e4rung von Missbrauchsf\u00e4llen) erforderlich ist.<\/p>\n<\/details>\n\n\n\n<h4 class=\"wp-block-heading\">Cookies und Tracking<\/h4>\n\n\n\n<p>Diese Website verwendet <strong>keine Cookies<\/strong>, keine Tracking-Technologien und keine Analyse-Tools.<\/p>\n\n\n\n<h4 class=\"wp-block-heading\">Eingebundene Inhalte Dritter<\/h4>\n\n\n\n<p>Es werden <strong>keine Dienste Dritter<\/strong> \u00fcber externe Server oder \u00e4hnliche Inhalte eingebunden, die personenbezogene Daten erfassen k\u00f6nnten.<\/p>\n\n\n\n<h4 class=\"wp-block-heading\">Rechte der Nutzer:innen<\/h4>\n\n\n\n<details class=\"wp-block-details is-layout-flow wp-block-details-is-layout-flow\"><summary>mehr<\/summary>\n<p>Sie haben gem\u00e4\u00df DSGVO folgende Rechte:<\/p>\n\n\n\n<ul class=\"wp-block-list\">\n<li>Recht auf Auskunft (Art. 15 DSGVO)<\/li>\n\n\n\n<li>Recht auf Berichtigung (Art. 16 DSGVO)<\/li>\n\n\n\n<li>Recht auf L\u00f6schung (Art. 17 DSGVO)<\/li>\n\n\n\n<li>Recht auf Einschr\u00e4nkung der Verarbeitung (Art. 18 DSGVO)<\/li>\n\n\n\n<li>Recht auf Widerspruch gegen die Verarbeitung (Art. 21 DSGVO)<\/li>\n\n\n\n<li>Recht auf Daten\u00fcbertragbarkeit (Art. 20 DSGVO)<\/li>\n<\/ul>\n\n\n\n<p>Wenn Sie glauben, dass die Verarbeitung Ihrer personenbezogenen Daten gegen das Datenschutzrecht verst\u00f6\u00dft, haben Sie das Recht, sich bei der zust\u00e4ndigen Aufsichtsbeh\u00f6rde zu beschweren.<\/p>\n<\/details>\n<\/div>\n\n\n\n<div class=\"wp-block-column is-layout-flow wp-block-column-is-layout-flow\">\n<h3 class=\"wp-block-heading\">Impressum<\/h3>\n\n\n\n<div style=\"height:32px\" aria-hidden=\"true\" class=\"wp-block-spacer\"><\/div>\n\n\n\n<div class=\"wp-block-columns is-layout-flex wp-container-core-columns-is-layout-28f84493 wp-block-columns-is-layout-flex\">\n<div class=\"wp-block-column is-layout-flow wp-block-column-is-layout-flow\" style=\"flex-basis:100%\">\n<div class=\"wp-block-group has-small-font-size is-vertical is-layout-flex wp-container-core-group-is-layout-fe9cc265 wp-block-group-is-layout-flex\">\n<h4 class=\"wp-block-heading\">Angaben gem\u00e4\u00df \u00a7 5 TMG:<\/h4>\n\n\n\n<p>Miriam Weinzierl<br>Bremen, Deutschland<\/p>\n\n\n\n<h4 class=\"wp-block-heading\">Kontakt:<\/h4>\n\n\n\n<p>E-Mail: <a href=\"mailto:weinzierl-theaterpeadagogik@posteo.com\">weinzierl-theaterpeadagogik@posteo.com<\/a><\/p>\n\n\n\n<hr class=\"wp-block-separator has-alpha-channel-opacity\"\/>\n<\/div>\n<\/div>\n<\/div>\n<\/div>\n<\/div>\n","protected":false},"excerpt":{"rendered":"<p>Datenschutz Grundlegendes Diese Datenschutzerkl\u00e4rung informiert Sie \u00fcber die Art, den Umfang und den Zweck der Verarbeitung personenbezogener Daten auf dieser Website. Zugriffsdaten Cookies und Tracking Diese Website verwendet keine Cookies, keine Tracking-Technologien und keine Analyse-Tools. Eingebundene Inhalte Dritter Es werden keine Dienste Dritter \u00fcber externe Server oder \u00e4hnliche Inhalte eingebunden, die personenbezogene Daten erfassen k\u00f6nnten. [&hellip;]<\/p>\n","protected":false},"author":1,"featured_media":0,"parent":0,"menu_order":0,"comment_status":"closed","ping_status":"closed","template":"","meta":{"footnotes":""},"class_list":["post-1738","page","type-page","status-publish","hentry"],"_links":{"self":[{"href":"https:\/\/weinzierl-theaterp\u00e4dagogik.de\/index.php?rest_route=\/wp\/v2\/pages\/1738","targetHints":{"allow":["GET"]}}],"collection":[{"href":"https:\/\/weinzierl-theaterp\u00e4dagogik.de\/index.php?rest_route=\/wp\/v2\/pages"}],"about":[{"href":"https:\/\/weinzierl-theaterp\u00e4dagogik.de\/index.php?rest_route=\/wp\/v2\/types\/page"}],"author":[{"embeddable":true,"href":"https:\/\/weinzierl-theaterp\u00e4dagogik.de\/index.php?rest_route=\/wp\/v2\/users\/1"}],"replies":[{"embeddable":true,"href":"https:\/\/weinzierl-theaterp\u00e4dagogik.de\/index.php?rest_route=%2Fwp%2Fv2%2Fcomments&post=1738"}],"version-history":[{"count":11,"href":"https:\/\/weinzierl-theaterp\u00e4dagogik.de\/index.php?rest_route=\/wp\/v2\/pages\/1738\/revisions"}],"predecessor-version":[{"id":2592,"href":"https:\/\/weinzierl-theaterp\u00e4dagogik.de\/index.php?rest_route=\/wp\/v2\/pages\/1738\/revisions\/2592"}],"wp:attachment":[{"href":"https:\/\/weinzierl-theaterp\u00e4dagogik.de\/index.php?rest_route=%2Fwp%2Fv2%2Fmedia&parent=1738"}],"curies":[{"name":"wp","href":"https:\/\/api.w.org\/{rel}","templated":true}]}}